{"id":2,"date":"2014-08-29T12:48:08","date_gmt":"2014-08-29T12:48:08","guid":{"rendered":"http:\/\/wp.appi.pro\/domains\/wp.appi.pro\/?page_id=2"},"modified":"2017-04-30T09:42:04","modified_gmt":"2017-04-30T09:42:04","slug":"sample-page","status":"publish","type":"page","link":"https:\/\/pekolana.eu\/?page_id=2","title":{"rendered":"O n\u00e1s"},"content":{"rendered":"<p>Jsme ryze \u010desk\u00e1, dynamicky se rozv\u00edjej\u00edc\u00ed spole\u010dnost. Poskytujeme sv\u00fdm z\u00e1kazn\u00edk\u016fm profesion\u00e1ln\u00ed slu\u017eby. At\u2018 jste mal\u00fd z\u00e1kazn\u00edk nebo investor \u010di velk\u00e1 firma, ka\u017ed\u00e9mu z v\u00e1s m\u00e1me co nab\u00eddnout. Samoz\u0159ejmost\u00ed je u n\u00e1s individu\u00e1ln\u00ed zpracov\u00e1n\u00ed aktu\u00e1ln\u00edch informac\u00ed o nab\u00eddce zbo\u017e\u00ed, cen\u00edky v ti\u0161t\u011bn\u00e9 a elektronick\u00e9 podob\u011b, poradenstv\u00ed v r\u016fzn\u00fdch oborech, \u0161kolen\u00ed o novink\u00e1ch v oboru, rozvoz zbo\u017e\u00ed dle po\u017eadavk\u016f a dal\u0161\u00ed slu\u017eby.<\/p>\n<p>Zab\u00fdv\u00e1me se p\u0159edev\u0161\u00edm velkoobchodn\u00ed \u010dinnost\u00ed a zprost\u0159edkov\u00e1n\u00edm prodeje nejr\u016fzn\u011bj\u0161\u00edch typ\u016f produkt\u016f na z\u00e1klad\u011b specifick\u00fdch po\u017eadavk\u016f z\u00e1kazn\u00edk\u016f. D\u00edky na\u0161im mnohalet\u00fdm zku\u0161enostem v\u00e1m m\u016f\u017eeme p\u0159ipravit \u0159e\u0161en\u00ed p\u0159\u00edmo pro v\u00e1s. Na\u0161e technick\u00e1 podpora prodeje a distribuce je tvo\u0159ena odborn\u00fdmi pracovn\u00edky, kte\u0159\u00ed jsou soustavn\u011b vzd\u011bl\u00e1ni a pro\u0161kolov\u00e1n\u00ed na \u0159e\u0161en\u00ed nejr\u016fzn\u011bj\u0161\u00edch po\u017eadavk\u016f z\u00e1kazn\u00edk\u016f. Toto specializovan\u00e9 odd\u011blen\u00ed v\u00e1m zpracuje n\u00e1vrh \u0159e\u0161en\u00ed va\u0161eho po\u017eadavku a prodiskutuje s v\u00e1mi r\u016fzn\u00e9 varianty, aby jsme splnili va\u0161e p\u0159edstavy o kone\u010dn\u00e9m v\u00fdsledku.<\/p>\n<p>U n\u00e1s zakoupen\u00e9 zbo\u017e\u00ed nebo zbo\u017e\u00ed, jeho\u017e n\u00e1kup v\u00e1m zprost\u0159edkujeme, v\u00e1m doprav\u00edme na jak\u00e9kolo m\u00edsto v \u010cech\u00e1ch a na Slovensku. Je v\u00e1m k dispozici n\u00e1\u0161 vlastn\u00ed vozov\u00fd park. Zbo\u017e\u00ed rozv\u00e1\u017e\u00edme od pond\u011bl\u00ed do p\u00e1tku a n\u00e1\u0161 pracovn\u00edk obchodu s v\u00e1mi dohodne term\u00edn a \u010das rozvozu, aby maxim\u00e1ln\u011b vyhov\u011bl va\u0161im \u010dasov\u00fdm mo\u017enostem.<\/p>\n<ul>\n<li>Kvalita na prvn\u00edm m\u00edst\u011b<\/li>\n<li>Individu\u00e1ln\u00ed p\u0159\u00edstup<\/li>\n<li>Inovace<\/li>\n<\/ul>\n<p><img loading=\"lazy\" decoding=\"async\" class=\"aligncenter size-full wp-image-60\" src=\"https:\/\/pekolana.eu\/wp-content\/uploads\/2014\/08\/meetin.jpg\" alt=\"\" width=\"900\" height=\"600\" srcset=\"https:\/\/pekolana.eu\/wp-content\/uploads\/2014\/08\/meetin.jpg 900w, https:\/\/pekolana.eu\/wp-content\/uploads\/2014\/08\/meetin-300x200.jpg 300w, https:\/\/pekolana.eu\/wp-content\/uploads\/2014\/08\/meetin-768x512.jpg 768w\" sizes=\"auto, (max-width: 900px) 100vw, 900px\" \/><\/p>\n","protected":false},"excerpt":{"rendered":"<p>Jsme ryze \u010desk\u00e1, dynamicky se rozv\u00edjej\u00edc\u00ed spole\u010dnost. Poskytujeme sv\u00fdm z\u00e1kazn\u00edk\u016fm profesion\u00e1ln\u00ed slu\u017eby. At\u2018 jste mal\u00fd z\u00e1kazn\u00edk nebo investor \u010di velk\u00e1 firma, ka\u017ed\u00e9mu z v\u00e1s m\u00e1me co nab\u00eddnout. Samoz\u0159ejmost\u00ed je u n\u00e1s individu\u00e1ln\u00ed zpracov\u00e1n\u00ed aktu\u00e1ln\u00edch informac\u00ed o nab\u00eddce zbo\u017e\u00ed, cen\u00edky v ti\u0161t\u011bn\u00e9 a elektronick\u00e9 podob\u011b, poradenstv\u00ed v r\u016fzn\u00fdch oborech, \u0161kolen\u00ed o novink\u00e1ch v oboru, rozvoz zbo\u017e\u00ed &hellip; <a href=\"https:\/\/pekolana.eu\/?page_id=2\" class=\"more-link\">Pokra\u010dov\u00e1n\u00ed textu <span class=\"screen-reader-text\">O n\u00e1s<\/span> <span class=\"meta-nav\">&rarr;<\/span><\/a><\/p>\n","protected":false},"author":1,"featured_media":0,"parent":0,"menu_order":0,"comment_status":"closed","ping_status":"closed","template":"","meta":{"footnotes":""},"class_list":["post-2","page","type-page","status-publish","hentry"],"_links":{"self":[{"href":"https:\/\/pekolana.eu\/index.php?rest_route=\/wp\/v2\/pages\/2","targetHints":{"allow":["GET"]}}],"collection":[{"href":"https:\/\/pekolana.eu\/index.php?rest_route=\/wp\/v2\/pages"}],"about":[{"href":"https:\/\/pekolana.eu\/index.php?rest_route=\/wp\/v2\/types\/page"}],"author":[{"embeddable":true,"href":"https:\/\/pekolana.eu\/index.php?rest_route=\/wp\/v2\/users\/1"}],"replies":[{"embeddable":true,"href":"https:\/\/pekolana.eu\/index.php?rest_route=%2Fwp%2Fv2%2Fcomments&post=2"}],"version-history":[{"count":8,"href":"https:\/\/pekolana.eu\/index.php?rest_route=\/wp\/v2\/pages\/2\/revisions"}],"predecessor-version":[{"id":61,"href":"https:\/\/pekolana.eu\/index.php?rest_route=\/wp\/v2\/pages\/2\/revisions\/61"}],"wp:attachment":[{"href":"https:\/\/pekolana.eu\/index.php?rest_route=%2Fwp%2Fv2%2Fmedia&parent=2"}],"curies":[{"name":"wp","href":"https:\/\/api.w.org\/{rel}","templated":true}]}}